= -v. List the prime factors of s.
2, 17
Let j be (2/(-1 + 3))/(1/155). Let d = -62 + j. List the prime factors of d.
3, 31
Let n be (-16)/(-24) + -4*(-1)/(-6). Suppose n = h + h + 4*b - 132, 320 = 5*h + 5*b. List the prime factors of h.
2, 31
Suppose 7*r = 4*r. Let c be (-4 + 6)*54/36. Suppose -c*b + 34 = -b - 4*t, -b - 5*t + 31 = r. What are the prime factors of b?
3, 7
Suppose 3*b + 2*b = 4*z - 58, 0 = -2*z + 5*b + 34. What are the prime factors of (84/(-10))/(z/(-320))?
2, 7
Let h(s) = s**3 + 16*s**2 - 29*s - 1. What are the prime factors of h(-16)?
463
Suppose y = 6*y - 10. Suppose 5*l = -10, -3*l - 158 = -n - y*l. What are the prime factors of n?
2, 3, 13
Let z be 39 - (0 + 0 + -3). List the prime factors of z + (-4)/(-4) + 1.
2, 11
Suppose 2*i - 899 = 1335. What are the prime factors of i?
1117
Suppose 0 = -4*c + 906 + 1662. List the prime factors of c.
2, 3, 107
Suppose 11*a = 12*a - 10. Let u = 11 - a. List the prime factors of 720/18 + (u - 1).
2, 5
Let u(r) = -55*r + 41. What are the prime factors of u(-5)?
2, 79
Suppose -5*f + 2*f + l = 7, -3*f - 4*l + 13 = 0. Let m be -2 + 2/f + 2. Let x = 14 + m. List the prime factors of x.
2, 3
Let h be 2 + 2*(-2 + 0). List the prime factors of (-3)/(-6) + (-77)/h.
3, 13
Let r be ((-90)/40)/(6/(-80)). Let c be (-4)/r - 4/(-30). List the prime factors of c - -2 - 141/(-3).
7
Suppose -984 = -11*i + 7*i. Suppose -3*p + 4*h + 290 = 99, -h = -4*p + i. List the prime factors of p.
61
What are the prime factors of 8/18 + ((-227220)/(-54))/5?
2, 421
Suppose 0 = 8*b + 12*b - 5300. What are the prime factors of b?
5, 53
Let o = 11 + 0. Suppose -5*g = -69 - o. Suppose g = 3*j - 2*j. What are the prime factors of j?
2
Let c = 243 + -354. Let m = c + 248. What are the prime factors of m?
137
Let g = -31 - -33. Suppose -5*u - 60 + 333 = -r, 0 = g*u - 3*r - 104. What are the prime factors of u?
5, 11
Suppose 0 = 3*y - 5*q - 13 - 37, -y - q + 14 = 0. Let u be 3*(-5)/(y/(-28)). Let p = u - 14. List the prime factors of p.
2, 7
Suppose 0 = -b + 4, -5*l + 19 = -4*b - 0. Suppose -s - l*s = -784. What are the prime factors of s?
2, 7
Let c = 341 + 1272. List the prime factors of c.
1613
Let f(q) = 5*q**2 + 8*q - 9. What are the prime factors of f(-18)?
3, 163
Let t(w) be the second derivative of w**5/20 - w**4/12 - w**3/2 + 159*w**2/2 + 20*w. List the prime factors of t(0).
3, 53
Suppose -5*b = -4*l - 5, 0*b - 5*b + 35 = 2*l. Suppose 6*c - l*c = 65. List the prime factors of c.
5, 13
Suppose 0 = 2*g - 2*d - 1948 + 686, -4*d = -16. List the prime factors of g.
5, 127
Suppose -3*g = -3*v - 2*g + 11, 2*g - 8 = 0. Suppose c - 6 = 3*p - 3, -4*p = v*c + 80. What are the prime factors of 139/2 - c/8?
71
Let b(u) = -7*u**3 - 4*u**2 + 7*u + 36. List the prime factors of b(-5).
2, 97
Let n(h) = -3*h**2 - 4*h + 5. Let k(p) = p**2. Let f(j) = 5*k(j) + n(j). Let d be f(2). Suppose -d*b + 8 = -7. List the prime factors of b.
3
Let x = 2281 + -1086. List the prime factors of x.
5, 239
What are the prime factors of -9 - -6 - (1/(-1) - 1352)?
2, 3, 5
Let q(a) = -2*a**3 + 26 + 3*a**3 + 6*a - 16*a**2 + 4 + 0*a. What are the prime factors of q(16)?
2, 3, 7
Let h = -3 - -2. Let j = -6 - h. Let b = 7 - j. List the prime factors of b.
2, 3
Suppose -64008 - 76360 = -31*g. What are the prime factors of g?
2, 283
Let g = 9 + -10. List the prime factors of ((-278)/(-10))/(8/(-10) - g).
139
Let y be 5 - ((-25)/(-5) + 0). Suppose -3*o + 5*n = -32, y = -2*o + o + 4*n + 20. List the prime factors of o.
2
Let c be -3*-6*1/(-18). List the prime factors of (-1285)/(-15)*(c + 4) + -1.
2
Let y = 26 + -22. List the prime factors of (-18)/y*(-8)/6.
2, 3
Suppose -4*i + 5 = 9. What are the prime factors of (-3)/i*40/5?
2, 3
Suppose 3*s + 3*l + 198 = 0, 3*s = -l + 2*l - 198. Suppose 5*t - 2034 = -13*t. Let u = s + t. What are the prime factors of u?
47
Suppose -2*n = -3*q + 6*q - 37, 0 = -n - 5*q + 29. Suppose -7*g - n = -9*g. List the prime factors of g.
7
Let d be 1/(468/(-232) + 2). What are the prime factors of 3/6 - d/4?
3, 5
Suppose 3*q + 2*q - 6475 = 5*p, -6475 = -5*q + 3*p. What are the prime factors of q?
5, 7, 37
Suppose -4*w = -5*t - 18, 6*t - w + 27 = t. Let g(y) = y**3 + 6*y**2. Let h be g(t). Suppose 8*o - 4*o - 160 = h. What are the prime factors of o?
2, 5
Suppose -2*x - 5 = 3*x, 0 = -5*z - x + 424. Let c = 258 - z. What are the prime factors of c?
173
Let l = -8 + 13. Suppose -v = l*v - 144. List the prime factors of v.
2, 3
Let u = -2 + 2. Suppose b = -u*b + 3. Suppose b*j = -2 + 32. What are the prime factors of j?
2, 5
Suppose -61 = -5*y + 384. Suppose 6*b - y - 109 = 0. What are the prime factors of b?
3, 11
Let i(l) = l**3 - 11*l**2 + 15*l - 5. Let n be i(10). Suppose m - n = -4*z, -z - 2 = -4*m - 9. List the prime factors of z.
11
Let i(k) = -22*k + 18. Let l(v) = 21*v - 17. Let q(d) = 2*i(d) + 3*l(d). What are the prime factors of q(7)?
2, 59
Suppose -4*y + r = -60, -5*y + 20 = -4*y + r. List the prime factors of ((-77)/(-2))/(8/y).
7, 11
Let z(c) = -c**2 - 16*c - 17. Let x be z(-15). Let h(d) = -d**3 + 2*d**2 + 5*d. List the prime factors of h(x).
2, 3
Let m = 834 - 359. List the prime factors of m.
5, 19
Let l(d) = -264 + 5*d + 269 + d. What are the prime factors of l(11)?
71
Let w(c) = c - 8. Let j be w(5). Let o(u) = 21*u**2 + u + 15. List the prime factors of o(j).
3, 67
Let x(n) = -n**3 + 4*n**2 - 2*n + 6. Suppose -2*i + j = -6*i + 11, -2*i - 4*j = 12. Let h be x(i). What are the prime factors of (-464)/(-12) - h/6?
3, 13
Let r = 10 + -4. Suppose 2*q - r + 2 = 0. Suppose -q*v + 18 = -10. List the prime factors of v.
2, 7
Let z be 5*((-9)/3 - -4). Suppose z*v = -0*v + 15. Suppose -86 - 16 = -v*q. What are the prime factors of q?
2, 17
Let p(k) = -8*k**3 + 3*k**2 - 14*k - 8. What are the prime factors of p(-6)?
2, 239
Suppose -918 = -18*x + 2214. Let i be 2*1 - (-18)/6. Suppose -i*b = r - x, -3*r - 148 = -4*b - 6*r. List the prime factors of b.
2, 17
Let s(f) be the second derivative of -11*f**5/20 + f**4/6 - f**3/3 - 3*f**2/2 - 3*f. List the prime factors of s(-2).
97
Let q(j) = -121*j - 79. List the prime factors of q(-2).
163
Let t = 2257 - -27. What are the prime factors of t?
2, 571
Let y = 8 + -4. Suppose y*z = -z - 70. Let a = z + 51. List the prime factors of a.
37
What are the prime factors of ((-45)/(-18))/(2/388)?
5, 97
Suppose -5*n + 905 = -0*n. Suppose 0 = -5*w + 5*l - 51 + n, 5*w - l = 130. Suppose -2*j + w = 3*y, -5*j + 51 = y + 3*y. List the prime factors of j.
7
Suppose o - r - 270 = -23, -5*r = 4*o - 952. What are the prime factors of o?
3
Let h(d) = -3*d**3 - 4*d**2 - 8*d - 9. Let p be h(-5). Suppose 7*n - n - p = 0. List the prime factors of n.
3, 17
Suppose 119 = x - 84. Let r = x + -127. What are the prime factors of r?
2, 19
What are the prime factors of 6/6 - (0 + -461)?
2, 3, 7, 11
Suppose 3*o + 356 - 1084 = -4*v, -5*o - 182 = -v. What are the prime factors of v?
2, 7, 13
Let m be -3*(6 + -3 + -4). Suppose 2 = j - 3*j - m*d, -20 = -5*j + 5*d. Let l(r) = 10*r. What are the prime factors of l(j)?
2, 5
Suppose 0 = 3122*v - 3128*v + 23004. List the prime factors of v.
2, 3, 71
Suppose 0 = 2*q - 3*d - 13, 4*q + 6*d = 2*d + 36. Let k(s) = 3*s + 6*s - s + 9 - s**2 + q*s. List the prime factors of k(15).
2, 3
Let k = -15 - -15. Suppose -2*b + k*b = -4*s + 16, -5*s - 2 = 3*b. What are the prime factors of s?
2
Suppose 0 = g + 3*s + 14, 3*g = 4*s - 37 - 18. Let c(a) = a**2 + 14*a + 6. List the prime factors of c(g).
3, 19
Let g = -9 + 12. Suppose 0 = -g*r - 0 - 3, 3*l + r = 293. Let h = -67 + l. What are the prime factors of h?
31
Let l be -3 + -1 + 4 - 5. Let a(v) = v**3 + 2*v**2 + 12*v + 1. Let j(n) = n**2 - n + 1. Let t(q) = -a(q) - 4*j(q). What are the prime factors of t(l)?
2, 5
Suppose 11*u = 19*u - 1024. List the prime factors of -2 + 2 + u + -2.
2, 3, 7
Let f = 14 - 27. Let q = 136 - 98. Let s = f + q. List the prime factors of s.
5
Suppose 0 = -2*v + 91 + 1103. What are the prime factors of v?
3, 199
Let t = -108 - -321. What are the prime factors of t?
3, 71
Let q(r) = -3*r**3 + 24*r**2 + 4. Let t be q(8). Suppose t*u + 4*l = 700, -7*u + 3*u + 5*l = -673. What are the prime factors of u?
2, 43
Let v(k) = 4*k + 10 + 6*k - k**2 + 7*k - k. What are the prime factors of v(12)?
2, 29
Let d(i) = -36*i + 